4. Let l be 1*y + (-2)/((-10)/75). Let g(r) = r**3 - 12*r**2 - 15. Give g(l).
-15
Let a(x) be the first derivative of -x**3 - x**2 - 152*x + 16. Let u(d) be the first derivative of a(d). What is u(-2)?
10
Let l(c) = c**2 - 23*c - 15. Suppose -295*x + 292*x = 3*k - 51, -86 = -4*k - x. Calculate l(k).
-15
Suppose -4*d - 310 = -82. Let b = -62 - d. Let t(c) = c**2 + 7*c. Calculate t(b).
-10
Let r(u) = -u**3 - 9*u**2 - 2. Let n be ((-8)/(-16))/(1/30). Let v(f) = 2*f**3 - 10*f**2 + 2*f + 2. Let m be v(5). Suppose 3*o = -n - m. Determine r(o).
-2
Let o(w) be the first derivative of w**6/360 + w**5/40 + w**4/24 + 80*w**3/3 + 72. Let v(d) be the third derivative of o(d). Give v(-1).
-1
Suppose -6*w = -2*w - 3*u - 145, -2*w + 74 = -2*u. Let b(k) = 10*k + 21*k - 1 - w*k. Let j = 5 - 8. Calculate b(j).
8
Suppose -5*p + 10 = 0, -3*u + 2*p + 6 - 4 = 0. Let s(j) = 43*j**3 + 3*j**u - 2 + 2*j**2 - 6*j**2 - 39*j**3 + 1. What is s(2)?
27
Let r(m) = 426*m - 8950. Let n be r(21). Let v(c) = 4*c**2 + 16*c - 9. Calculate v(n).
-9
Let f = 212 + 19. Let l(z) = -225 - f + 456 + 6*z. Let w = -1 - 0. Give l(w).
-6
Suppose -2*k - 1 - 5 = -4*m, k + 4 = 3*m. Let v be -7 + 8 + 2*m. Suppose -3*w + 27 = -v*n, 2*w + 0 - 9 = -n. Let y(d) = -d**3 + 5*d**2 + 6*d + 5. What is y(w)?
5
Let d(r) be the third derivative of -r**6/120 - r**4/8 + r**3/2 - r**2. Suppose c - 5 = n, 1179 = 3*n - 8*c + 1229. Give d(n).
-11
Let w(s) be the second derivative of -s**3/6 + 13*s**2/2 + 6*s + 147. Determine w(11).
2
Let h(t) = 5*t**2 + 10*t + 29. Let l(f) = f**2 + f + 1. Let a(i) = h(i) - 6*l(i). Calculate a(0).
23
Let s be (-5)/4 + 1 + 446/(-8). Let k = s + 52. Let o(v) = 2 - 5*v + 1 - 5*v + 8*v. What is o(k)?
11
Let m(c) = 11*c**2 + 0*c**3 - 6*c + 17*c - 13 + c**3. Let v = 14792 - 14802. Give m(v).
-23
Let v(f) = -28*f - 13. Let u be v(-11). Suppose u = 4*m + 39. Let y(l) = -l**2 - 64*l + m*l. Give y(1).
-1
Let v(a) = -4*a**2 - 128*a - 729. Let k be v(-7). Let z(t) = -t**3 - 28*t**2 + 27*t - 31. What is z(k)?
27
Let t(q) = -q**2 + 27. Let w(z) = 4*z**2 - 49*z + 50. Let o be w(11). Calculate t(o).
2
Let m(h) = 9 + 36*h - 14*h - 2*h - 22*h. Determine m(-6).
21
Suppose -z + 42 = l + 8, 3*z = -l + 26. Suppose l*k + 36 = 41*k. Let m(s) = k*s - 19*s + s**2 + 14 + 6*s + 2*s. Calculate m(0).
14
Let n(r) = -2392*r + 4 - 7 - 6 + 3 + 2391*r. Determine n(-11).
5
Let f(i) = i - 5. Let x(q) = -3*q**3 - 7*q + 8*q + 0*q**3 + 6*q**3 - 2*q**2. Let y be x(1). Let w be (y/(-4))/(1/(-14)). Determine f(w).
2
Let l be -16*3 + 4 + -4 + -1. Let y = 52 + l. Let k(d) = 2*d**3 - 3*d - 4*d**2 + 2 - 3*d**y + 5*d. Give k(-3).
-13
Suppose 0 = 5*f + 3*q, -5*f + f - 22 = -2*q. Let g(s) be the second derivative of 0 - 26*s - 1/3*s**3 - s**2. Determine g(f).
4
Suppose -61 = -q + 11. Suppose -10*b = 2*b + q. Let y(z) = -z**2 - 5*z + 5. What is y(b)?
-1
Let w(j) = -j + 17. Let s be 4/7 - ((-8)/7 - (-1230)/(-287)). Calculate w(s).
11
Let q be (-8)/(-10)*(3 - 0)/(12/370). Suppose 5*f = -3 + 13. Let m(k) = 38*k**f + 37*k**2 - q*k**2 + 2*k + 3. Give m(-2).
3
Let o(f) = -323 + 155 - f - 10*f + 155. Calculate o(-1).
-2
Let t(l) = 8*l - 2. Suppose 12*s - 4*h - 6 = 13*s, 5*h + 13 = -4*s. Let b(f) = -3*f - 3. Let d(r) = s*b(r) - t(r). Calculate d(8).
-8
Let i = -1 + -9. Let k(y) be the third derivative of y**5/60 + y**4/4 - y**3/2 + 22*y**2 + 6*y - 2. Calculate k(i).
37
Suppose -6*d + 20 = -2*o, -645*o + 648*o + 3 = 0. Let t(m) be the first derivative of 28 - 7*m + 1/3*m**d - 4*m**2. Determine t(6).
-19
Let c(y) = 119*y - 120*y + 20 - 12 - y**2. Calculate c(0).
8
Let o(q) be the second derivative of q**7/840 - q**5/120 - q**3 - 11*q. Let x(d) be the second derivative of o(d). Suppose -y - 16 + 16 = 0. Give x(y).
0
Let m(y) = -33 - 1241*y - y**2 + 569*y + 686*y. Determine m(10).
7
Let f = -7 + 4. Let g(i) be the second derivative of 3/2*i**2 + 82*i + 0*i**3 + 0 - 1/12*i**4. What is g(f)?
-6
Let f(r) = 3*r**3 + 3*r**2 + r - 4*r**3 + 2 - 4*r**2. Let q be 4 - (3 - 8)*3/15. Suppose -2*u + 2*b - 12 = 5*b, -u - 20 = q*b. Give f(u).
2
Let f = -769 + 773. Let c(r) be the third derivative of 0 + 1/24*r**4 - 1/6*r**3 + 4*r**2 + 0*r. What is c(f)?
3
Let d(w) = -w**3 + 5*w**2 + 18*w - 89. Let y be d(5). Let b(o) = 2*o + 1. Calculate b(y).
3
Let j(i) = -i + 1. Let a(v) = 2*v**2 - 81*v - 83*v + 161*v - 5. Let q be a(-1). Determine j(q).
1
Let n(k) = k**2 - 6*k - 3. Let w be (1 + (-25)/4)/(20/(-160)). Let f = 47 - w. Suppose 0 = -3*v + 6, y + f*v + 14 = 5*y. Calculate n(y).
-3
Let l(n) = 20*n**3 + 3*n**2 - 2*n + 1. Let k(j) = 27*j**3 + 4*j**2 - 2*j + 2. Let f(c) = 3*k(c) - 4*l(c). Determine f(-1).
-1
Let s(p) = -14 + 3*p + 6 + 2 + 4. Let o(i) = 2*i**3 - 5*i**2 - 3*i + 7. Let w be o(3). Give s(w).
19
Suppose 12*x - 5*x = -70. Let y(f) be the third derivative of -f**5/60 - f**4/3 - f**3/6 - 8*f**2 + 2*f. What is y(x)?
-21
Let w(j) = j**3 + 11*j**2 + 8*j - 23. Suppose 49 - 169 = -78*n + 90*n. Give w(n).
-3
Let o(g) = g**2 + 17*g - 9. Suppose 7 = 2*m - 5*m - 47. Give o(m).
9
Suppose -5819*n + 14 = -5833*n. Let k(h) = -40*h**2 + 3*h + 1. Give k(n).
-42
Let y(m) = -2*m**2 - 19*m - 35. Let z = -5852 + 5850. Give y(z).
-5
Let k be (-90)/(-20)*24/(-18). Let h(z) = 3*z**2 + 7*z + 15. What is h(k)?
81
Let s(v) = -7*v**2 - 10*v - 2. Let f(t) = -6*t**2 - 11*t - 3. Let l(g) = 6*f(g) - 5*s(g). Suppose -q = 2*j + 12, 10*q + 39 = 6*q - 5*j. Give l(q).
52
Let q(z) be the second derivative of z**5/20 - z**4/12 - 17*z**3/3 + 4519*z. Determine q(-6).
-48
Let s(k) = 2*k + 58. Let w be (-808)/(-202) + (-32)/1. What is s(w)?
2
Suppose -54*z + 230 = -31*z. Let y(i) = 2*i + 13. What is y(z)?
33
Let u(j) = j**3 - 7*j**2 - 3*j + 12. Let o be u(7). Let g(r) = 935*r - 936*r - 21 + 6. Determine g(o).
-6
Let d(j) be the third derivative of -j**4/12 - 9*j**3/2 - 1755*j**2. Give d(-15).
3
Let y(r) = -11*r**3 + 5*r**3 + 57 - 27 + 5*r**3 + 29*r - 11*r**2 - r**2. Calculate y(-14).
16
Let s(q) be the second derivative of -23*q**4/12 + q**3/2 + 17*q**2/2 - 35*q. Let f(y) = 8*y**2 - y - 6. Let x(c) = -17*f(c) - 6*s(c). Give x(1).
1
Let l be (-20)/(10 + 30 - 42). Let u(p) = -11*p**2 + 24*p - 37. Let y(j) = 5*j**2 - 12*j + 18. Let c(g) = -4*u(g) - 9*y(g). What is c(l)?
6
Suppose 0 = 5*m + 35. Let j be (0 - m)*(-36)/(-14). Let p be (2*1/(-2))/((-2)/j). Let z(c) = -c**3 + 9*c**2 + c - 1. What is z(p)?
8
Let z(f) be the second derivative of -f**4/12 + 4*f**3/3 - 6*f**2 - f + 55645. Suppose w - 5 = -3*x - x, -3*x = -4*w + 20. Calculate z(w).
3
Let g(k) = k - 126. Let w be g(5). Let d = -126 - w. Let c(v) = -v**3 - 5*v**2 + 3*v - 5. Calculate c(d).
-20
Let y(q) = q - 28. Suppose -1387*l = -1413*l + 312. What is y(l)?
-16
Suppose 404 = -11*x + 15*x. Let v = x - 98. Let l(u) = -4*u + v*u + 19 - 5. Calculate l(9).
5
Let o(x) = -2*x**2 + x + 4. Let c(w) = w**3 + 5*w**2 - 5*w - 6. Let m(z) = -c(z) - 3*o(z). What is m(2)?
-6
Let i(u) = 5*u**3 - 9*u**2 + 2*u - 1. Let o(q) = -9*q**3 + 17*q**2 - 5*q + 3. Let v(y) = -7*i(y) - 4*o(y). Suppose 95*f - 101*f = -24. Give v(f).
3
Let x(h) = -2*h**3 + 2*h**2 + 3*h - 2. Let j(w) = -w**3 + 3*w**2 + 6*w - 2. Let u be j(4). Suppose 4*t + b - 12 = 0, 3*b - u = 3*t - 0*t. Calculate x(t).
-4
Let v(z) = z**3 + 4*z**2 + 2*z - 2. Suppose 0*f - 23 = -5*f + 2*q, 4*q - 29 = -5*f. Let k be (-2)/5 + 2/f. Suppose -2*p - 19 + 11 = k. Determine v(p).
-10
Let s(d) = -d**3 - 25*d**2 - 26*d - 40. Suppose -7*g - 2679 = -2511. Calculate s(g).
8
Let q be 108/(-135) - 63/15. Let l(u) = -2*u**3 - 8*u**2 - 3*u + 3. Determine l(q).
68
Let a(q) = -3*q + 81*q**2 + 74*q**2 + 82*q**2 - 1 - 322*q**2 + 86*q**2. Suppose 5*y + 7 + 17 = r, -y = 4*r - 12. Let m be y/(-18) + 102/27. Calculate a(m).
3
Suppose -45 = -5*m - 4*z, -2*z + 4*z + 15 = 5*m. Let y be (-324)/(-8) + 1/2. Let b(o) = -32*o - y*o + 69*o - 1 - 3 + o**2. Determine b(m).
1
Let i(j) = j - 37. Let f be ((-42)/5)/((-3)/(-15)). Let c be (-6)/(-9) - (-28)/f. Determine i(c).
-37
Let u(w) = -2*w**3 - w**2 - 2*w - 11. Let i(c) = 2*c**3 + 2*c + 9. Let z(d) = -7*i(d) - 6*u(d). Let v be z(2). Let p(h) = -h**2 + 8*h + 4. Calculate p(v).
11
Let q = -25 - -20. Let n be 4*3/36*3 - q. Let v be (0 - -2) + (-10)/n*3. Let j(u) = u + 3. Determine j(v).
0
Let v = -118 - -63. Let l = v - -65. Let k(i) = i**2 + 13 - l - 5*i + 8*i. Calculate k(-2).
1
Let b(k) =